q**2. Suppose 3*h - 3*b = 2*h - 19, 0 = -h + b - 11. Let w(r) = r**3 - 4*r**2 - 2*r**3 - 2*r**2 + 8*r + 6. Let m be w(h). Give c(m).
12
Let t(w) = w**3 + 6*w**2 + 4*w - 3. Let x be t(-5). Let p(n) = -11 - 3*n + n - 2*n**2 + 0*n**2 + 13. Determine p(x).
-10
Let s(n) = -n + 2. Suppose 0 = -3*b + 3*p, 2*p - p + 12 = 5*b. Determine s(b).
-1
Let b(d) = 1421*d + 2 - 4 - 1422*d. Calculate b(-5).
3
Let t(l) be the first derivative of -l**4/24 - l**2 + 1. Let o(n) be the second derivative of t(n). Let a be (-2)/4*(0 - -2). What is o(a)?
1
Let c be -21*(1 + 6/(-9)). Let w = c + 4. Let z(t) = t + 3. What is z(w)?
0
Let j(c) = c**2 - 6*c + 1. Suppose -4*y + y = -18. What is j(y)?
1
Let u(r) be the third derivative of -r**6/120 + r**5/60 + r**4/8 - r**3/6 - 2*r**2. Calculate u(2).
1
Let p(m) = -6*m**3 - 3*m**2 - m - 10. Let n(s) = 7*s**3 + 3*s**2 + 2*s + 11. Let r(c) = 5*n(c) + 6*p(c). Calculate r(-4).
-5
Suppose 0 = -8*a + 3*a. Suppose a = r - 0*r - 15. Let t be 8/5 + 6/r. Let s(d) = d**3 - d**2 - 2*d + 1. Calculate s(t).
1
Let s(v) = -3*v**2 + 5*v + 6. Let m(k) be the first derivative of k - 1/3*k**3 - 3 + 0*k**2. Let i(h) = 4*m(h) - s(h). Determine i(-3).
4
Let l(n) = -n + 12. Suppose -g - g - 4*f + 18 = 0, f - 12 = -3*g. Suppose 3*u - 2*b = 37, g*u + u - 3*b - 51 = 0. Give l(u).
3
Let w(m) = m. Let a be w(2). Let d(f) = 0*f**2 - 1 + 0 - 2*f**a. Suppose 6*x - 3*x = 3. What is d(x)?
-3
Suppose a + 8 = -f, f - 4 = -2*f + 4*a. Let x be ((-18)/f + -2)*2. Suppose -c + x = 8. Let m(r) = r**2 + 3*r + 2. Calculate m(c).
2
Let y(d) be the second derivative of -d**3/6 + 7*d**2/2 - 21*d. Calculate y(0).
7
Let o(v) = v**3 - 2*v**2 + v. Let l(z) = 2*z**3 - z**2 + 2*z - 1. Let f(j) = -3*l(j) + 4*o(j). Calculate f(-3).
18
Suppose 2*m = -2 - 2. Let g(j) = 4*j - 1 - 4*j - 4*j. Give g(m).
7
Let w = 119 + -709/6. Let o(i) be the third derivative of -2*i**2 + 1/12*i**4 - w*i**3 + 1/60*i**5 + 0 + 0*i. Calculate o(-4).
3
Let v(l) = 3*l - 10. Let f(q) = -2*q - 9 + 0 - 2*q + 6*q. Let m(w) = 5*f(w) - 4*v(w). Let x = -5 + 1. What is m(x)?
3
Let w(r) = -r**3 + 6*r**2 - 5*r - 3. Let l(i) = -2*i - 1. Let f be l(-3). Suppose -5*s - 55 = -f*y, -y - 25 = 3*s + 2*s. Let b be 5 - 2/s*0. Calculate w(b).
-3
Let s(z) be the first derivative of -z**3/3 + 5*z**2 - 4*z - 1. Let m be s(9). Suppose -2*r - 9 = m*g, -7 + 1 = 2*g. Let k(u) = -2*u - 2. Give k(r).
-8
Let x(o) be the third derivative of -o**6/120 + o**5/12 + 5*o**4/24 + o**3/6 - o**2. Calculate x(6).
-5
Let s(f) = -f**2 - 4*f - 6. Suppose -2*g - 2*n = 16, -3*g - 23 = g - 5*n. Let q = 3 + g. Calculate s(q).
-6
Let l = 6 + -8. Let m(b) = -2*b. Let t(w) = 7*w - 2. Let v(j) = 21*j - 7. Let y(z) = 7*t(z) - 2*v(z). Let a(u) = 6*m(u) + 2*y(u). Determine a(l).
-4
Let f(j) = j**3 - j**2 - 2*j + 2. Let k(z) = z**3 + 19*z**2 - 41*z + 23. Let m be k(-21). Give f(m).
2
Let u be (-6)/(-4)*(-3 - -1). Let w(z) = z**2 - z - 2. Calculate w(u).
10
Let k(z) = 9*z + 4. Let j be (-6 - -3) + 0/(6/2). Calculate k(j).
-23
Let j(l) = -l**3 + 2*l**2 + 2*l + 3. Let s = 2 - 1. Let z be (s - 0)*6 + -1. Suppose -z*v = -7 - 8. Give j(v).
0
Let n = 1 - 0. Let k(x) = -2 + 6 + n - x. Calculate k(4).
1
Let t(d) = -d - 2. Let i(v) = -3*v - 3. Let g(s) = 4*i(s) - 10*t(s). Let k(x) = -x**3 - 7*x**2 - 13*x - 9. Let p be k(-5). Determine g(p).
-4
Let p(y) be the third derivative of -13*y**7/5040 - y**6/720 - y**5/15 + 7*y**2. Let z(x) be the third derivative of p(x). Give z(1).
-14
Let i(o) = 6*o**3 + o + 1. Suppose -3*n + 14 - 2 = 0. Let a = -5 + n. Calculate i(a).
-6
Let s(c) = 2*c**2 + 5*c + 2. Let g(t) = t + 2. Let d be g(-5). Calculate s(d).
5
Let n(j) = j. Suppose 3*o + 0 - 9 = 0. Let f(l) = 0*l + 1 - 2 - o*l + 0*l. Let m be f(-1). Give n(m).
2
Let s(t) = 2*t**3. Suppose -3*r = r - 24. Suppose -3 = -3*k + r. Suppose -2 = -c + k*c. Calculate s(c).
-2
Let c be 3/(-2)*-2*1. Let x(m) = -7*m. Let d = 3 - 6. Let p(a) = 6*a - 1. Let l(z) = d*x(z) - 4*p(z). Determine l(c).
-5
Let c(x) = -22*x**2 + 4 - 3*x**3 - 7*x + 28*x**2 + 2*x**3. Give c(5).
-6
Let v(h) = -h + 4. Let g be v(6). Let q(j) = -2*j - 3. Let r(l) = l + 2. Let c(o) = 2*q(o) + 3*r(o). Calculate c(g).
2
Let v be ((-5)/(-2))/((-2)/4). Let s(j) be the second derivative of -j**5/20 - j**4/3 + j**3/2 + j**2/2 + 2*j. Determine s(v).
11
Suppose 3*p = -0*p + 9. Let a(d) = -3*d**2 + 4*d - 4. Give a(p).
-19
Let h(x) = 5*x**3 + 12*x**2 + 7. Let b(y) = 11*y**3 + 25*y**2 - y + 15. Let g(f) = -6*b(f) + 13*h(f). Give g(7).
-6
Let b be 1*-2 + -3 + 5. Let g(c) = 2 + b - 4 - 3*c. Suppose -3*h - 2*l + 10 = -3*l, 4*h + l = 4. Determine g(h).
-8
Let q(m) = 340*m - 344*m + 0*m**3 + m**3 - 1. Determine q(3).
14
Suppose 2*l - 5*a = 15, -a - 3 + 0 = -l. Let j(h) = h**2 - h - 1. Let s(w) = -2*w**2 + w + 11. Let p(r) = -j(r) - s(r). Calculate p(l).
-10
Let g(w) = -16*w + 0*w**3 - w**3 - 5*w**2 + 22*w. What is g(-6)?
0
Let f(r) = -2 + r**2 + 0*r**2 - r + 1 - r**3 - 1. Let q be f(0). Let o(l) = -2*l. Let h be o(q). Let i(a) = a**2 - 4*a + 3. Calculate i(h).
3
Let s(x) = x**2 - 2*x - 3. Suppose f + 4*f = 0. Let p(z) = -4*z**3 + 2*z - 1. Let r be p(1). Let w be f + -2 - (3 + r). What is s(w)?
5
Let l(w) = -w**3 + w**2 + 4*w + 1. Let c(g) = g**3 + g. Let d(p) = 2*c(p) - l(p). Calculate d(2).
15
Let m be (2 - (-2 - -4))/1. Let h(b) be the third derivative of 3*b**2 + 0*b - 1/6*b**3 + 1/24*b**4 + 0. Calculate h(m).
-1
Let b(k) = 2*k**3 - 8*k**2 + 5*k + 7. Let y(n) = -n**3 + n**2 - n - 1. Let w(l) = -b(l) - 3*y(l). Let u be w(-5). Let o(z) = -z**2 + 4*z + 7. What is o(u)?
-5
Let k be -7 - 1/(2/(-4)). Let b(g) = -3*g + 5 + 6*g + 1. Determine b(k).
-9
Let w be 18/4 - (-5 - -8). Let x(i) be the second derivative of 1/6*i**3 + w*i**2 - i + 0. Give x(0).
3
Let t = -21 + 42. Let h(s) = 2 + 24*s - t*s - 3. Determine h(-1).
-4
Let q(o) = o**3 - 4*o**2 + 3 - 5*o + 5*o**3 - 3*o**3 - 2*o**3. What is q(5)?
3
Let d = -16 - -19. Let a(n) be the second derivative of -1/3*n**d + 2*n + 0*n**4 + 1/2*n**2 + 0 - 1/4*n**5. Give a(1).
-6
Let k(d) = -3*d**3 + 10*d**2. Let m(r) = r**3. Let x(q) = -k(q) - 4*m(q). Let t be x(-10). Let a(l) = -l**3 - l**2 + l - 9. Determine a(t).
-9
Let l(c) = -c**3 - 6*c**2 + 6. Let y(k) = k**2 - 1. Let d(w) = -l(w) - 6*y(w). Suppose -47*v + 46*v = 2. Calculate d(v).
-8
Let j(l) = l + 1. Let x be (-2)/(-3) + 20/6. Suppose -s + 3*s - x = 0. Calculate j(s).
3
Let m(i) be the second derivative of i**4/24 - i**3/3 + 3*i**2/2 + i. Let o(n) be the first derivative of m(n). Let a = -11 - -15. Give o(a).
2
Let m = -27 - -25. Let z(w) = -2*w**3 - w**2 + w - 2. What is z(m)?
8
Let h(w) = w**3 + 4. Let d be 0*((-9)/(-2) - 5). Give h(d).
4
Let k(n) = n**2 - 6. Let s be k(-3). Let w(i) be the first derivative of -i - 1/2*i**2 + 0*i**s + 1/4*i**4 + 2. Give w(0).
-1
Let x(n) = n**3 - 4*n**2 - n + 3. Let z be 2/4*(1 + -1). Suppose -3 = -z*m + 3*m, 0 = r + 4*m. Determine x(r).
-1
Let b(s) = -3*s**3 - 10*s**2 + 2*s - 9. Let v(k) = 7*k**3 + 21*k**2 - 3*k + 19. Let c(y) = 9*b(y) + 4*v(y). What is c(5)?
0
Let t be 8/(-2)*(-9 - -10). Let x(a) = -a**2 - 4*a + 3. Determine x(t).
3
Let w(y) = -y**2 - 5*y. Suppose x + 5*p - 26 = 0, -x + 3*x - 2*p + 8 = 0. Let b(t) = -t. Let n(v) = x*w(v) - 2*b(v). Let f = -8 - -4. Determine n(f).
-4
Let z(a) = -a**3 + 6*a**2 - 2*a + 8. Suppose 2*l - l - 7 = 0. Suppose l = -2*w + w. Let o = w + 13. Give z(o).
-4
Let s = -1 + 2. Let d(i) = -i**3 + 11*i**2 - 11*i - 1. Let w(u) = -u**2 + u. Suppose -x - 4*x = -30. Let g(a) = s*d(a) + x*w(a). Calculate g(4).
-5
Let c(h) = -h + 8. Let b be c(6). Let q(v) be the first derivative of -3*v - b - 2*v + 2*v - v**2. Calculate q(-4).
5
Let z(l) = -l - 2. Let y = 8 + -5. Suppose -4*c + y = -3*c. Give z(c).
-5
Let c(r) = -3*r - 5. Suppose a = 2*i - 4, -3*a - a - 16 = -3*i. Determine c(a).
7
Let n be 9 - ((-5 - -3) + 6). Let y(x) = -5*x**3 - 20*x**2 - 29*x + 12. Let k(d) = -2*d**3 - 7*d**2 - 10*d + 4. Let g(h) = -8*k(h) + 3*y(h). Give g(n).
-6
Let r = 16 + -6. Suppose -d - 5*m = r, -4*m - 4 = -3*d - 15. Let p(k) be the first derivative of -k**3/3 - 5*k**2/2 - 5*k - 3. Calculate p(d).
-5
Let l(n) = 3*n**2 + 2*n - 6. Let z(v) = 3*v**2 + 3*v - 7. Let a(f) = 5*l(f) - 4*z(f). Let o(h) = h**3 + 2*h**2 - 1. Let y be o(1). Determine a(y).
6
Let z(i) = -5*i**3 + 20*i**2 - 23*i + 14. Let t(f) = -2*f**3 +